er when 591 is divided by 16.
15
What is the remainder when 61056 is divided by 234?
216
Calculate the remainder when 16389 is divided by 8190.
9
Calculate the remainder when 17707 is divided by 444.
391
What is the remainder when 260832 is divided by 1449?
12
What is the remainder when 6709 is divided by 3145?
419
Calculate the remainder when 36983 is divided by 12320.
23
Calculate the remainder when 20134 is divided by 5032.
6
What is the remainder when 4642 is divided by 3182?
1460
What is the remainder when 1057 is divided by 109?
76
Calculate the remainder when 6488 is divided by 2094.
206
What is the remainder when 84886 is divided by 13?
9
What is the remainder when 558846 is divided by 62094?
0
What is the remainder when 16946 is divided by 361?
340
Calculate the remainder when 27463 is divided by 648.
247
What is the remainder when 19147 is divided by 9565?
17
Calculate the remainder when 359976 is divided by 32.
8
What is the remainder when 78318 is divided by 224?
142
Calculate the remainder when 5084 is divided by 519.
413
Calculate the remainder when 480637 is divided by 94.
15
Calculate the remainder when 3151 is divided by 453.
433
Calculate the remainder when 11405 is divided by 9.
2
Calculate the remainder when 109438 is divided by 36447.
97
Calculate the remainder when 18139 is divided by 106.
13
Calculate the remainder when 11656 is divided by 726.
40
Calculate the remainder when 15087 is divided by 39.
33
Calculate the remainder when 74378 is divided by 14874.
8
What is the remainder when 53042 is divided by 61?
33
Calculate the remainder when 20280 is divided by 2894.
22
Calculate the remainder when 5550 is divided by 1823.
81
What is the remainder when 66319 is divided by 921?
7
Calculate the remainder when 5723 is divided by 715.
3
Calculate the remainder when 8663 is divided by 1817.
1395
What is the remainder when 6287 is divided by 17?
14
What is the remainder when 39056 is divided by 7808?
16
Calculate the remainder when 594 is divided by 50.
44
Calculate the remainder when 9722 is divided by 29.
7
Calculate the remainder when 23424 is divided by 165.
159
What is the remainder when 7534 is divided by 291?
259
What is the remainder when 9124 is divided by 135?
79
Calculate the remainder when 53164 is divided by 1839.
1672
Calculate the remainder when 681903 is divided by 38.
31
What is the remainder when 1206 is divided by 988?
218
Calculate the remainder when 1271345 is divided by 23.
20
Calculate the remainder when 3034 is divided by 36.
10
Calculate the remainder when 1987 is divided by 499.
490
What is the remainder when 250235 is divided by 115?
110
Calculate the remainder when 5116 is divided by 152.
100
What is the remainder when 14168 is divided by 3475?
268
Calculate the remainder when 3330 is divided by 483.
432
Calculate the remainder when 102471 is divided by 840.
831
What is the remainder when 158757 is divided by 20?
17
What is the remainder when 418842 is divided by 46?
12
What is the remainder when 3332 is divided by 801?
128
What is the remainder when 9831 is divided by 896?
871
Calculate the remainder when 2266 is divided by 82.
52
What is the remainder when 557902 is divided by 93?
88
What is the remainder when 9653 is divided by 16?
5
What is the remainder when 2080 is divided by 215?
145
Calculate the remainder when 932512 is divided by 49.
42
Calculate the remainder when 7356 is divided by 1559.
1120
Calculate the remainder when 40012 is divided by 488.
484
What is the remainder when 59974 is divided by 368?
358
What is the remainder when 294070 is divided by 32673?
13
What is the remainder when 293642 is divided by 54?
44
What is the remainder when 16546 is divided by 21?
19
Calculate the remainder when 1256 is divided by 1217.
39
What is the remainder when 227007 is divided by 210?
207
Calculate the remainder when 94276 is divided by 29.
26
What is the remainder when 9743 is divided by 1688?
1303
Calculate the remainder when 78583 is divided by 39.
37
Calculate the remainder when 46695 is divided by 591.
6
Calculate the remainder when 4992 is divided by 331.
27
Calculate the remainder when 391486 is divided by 9548.
18
What is the remainder when 19341 is divided by 315?
126
Calculate the remainder when 3891 is divided by 26.
17
What is the remainder when 8190 is divided by 545?
15
Calculate the remainder when 44709 is divided by 58.
49
What is the remainder when 442878 is divided by 256?
254
What is the remainder when 208063 is divided by 291?
289
Calculate the remainder when 11310 is divided by 46.
40
Calculate the remainder when 62029 is divided by 5.
4
Calculate the remainder when 11199 is divided by 11.
1
What is the remainder when 4648 is divided by 79?
66
Calculate the remainder when 221346 is divided by 92.
86
Calculate the remainder when 2475935 is divided by 18.
17
What is the remainder when 19788 is divided by 512?
332
Calculate the remainder when 9547 is divided by 41.
35
Calculate the remainder when 5771 is divided by 171.
128
What is the remainder when 2351 is divided by 46?
5
Calculate the remainder when 2613210 is divided by 23.
19
What is the remainder when 155 is divided by 129?
26
Calculate the remainder when 1406 is divided by 218.
98
What is the remainder when 44409 is divided by 15?
9
What is the remainder when 28091 is divided by 13?
11
Calculate the remainder when 139746 is divided by 2150.
2146
Calculate the remainder when 7072 is divided by 437.
80
What is the remainder when 5050844 is divided by 45?
44
What is the remainder when 18255 is divided by 358?
355
What is the remainder when 32439 is divided by 48?
39
What is the remainder when 4050 is divided by 107?
91
Calculate the remainder when 3150 is divided by 3146.
4
What is the remainder when 276043 is divided by 77?
75
What is the remainder when 1077330 is divided by 107733?
0
What is the remainder when 27781 is divided by 25?
6
What is the remainder when 5295 is divided by 31?
25
Calculate the remainder when 30518 is divided by 2547.
2501
Calculate the remainder when 11483 is divided by 5276.
931
What is the remainder when 45248 is divided by 13?
8
What is the remainder when 5200 is divided by 320?
80
What is the remainder when 13985 is divided by 51?
11
Calculate the remainder when 1976215 is divided by 17.
16
Calculate the remainder when 55019 is divided by 61.
58
What is the remainder when 20982 is divided by 37?
3
What is the remainder when 838 is divided by 646?
192
What is the remainder when 399995 is divided by 36?
35
What is the remainder when 185982 is divided by 70?
62
What is the remainder when 13537 is divided by 149?
127
What is the remainder when 19560 is divided by 6516?
12
What is the remainder when 41735 is divided by 37?
36
Calculate the remainder when 27292 is divided by 87.
61
Calculate the remainder when 42996 is divided by 6.
0
Calculate the remainder when 2176 is divided by 541.
12
Calculate the remainder when 36943 is divided by 12.
7
What is the remainder when 25833 is divided by 12915?
3
Calculate the remainder when 37232 is divided by 422.
96
What is the remainder when 2315 is divided by 297?
236
Calculate the remainder when 287324 is divided by 29.
21
What is the remainder when 235467 is divided by 120?
27
What is the remainder when 123600 is divided by 683?
660
What is the remainder when 2237 is divided by 10?
7
Calculate the remainder when 179244 is divided by 1195.
1189
What is the remainder when 425986 is divided by 53248?
2
Calculate the remainder when 26880 is divided by 70.
0
What is the remainder when 19701 is divided by 118?
113
What is the remainder when 733 is divided by 686?
47
What is the remainder when 1872 is divided by 744?
384
Calculate the remainder when 5638 is divided by 1335.
298
What is the remainder when 23600 is divided by 453?
44
What is the remainder when 15389 is divided by 14838?
551
What is the remainder when 324425 is divided by 367?
364
What is the remainder when 13773 is divided by 148?
9
Calculate the remainder when 50884 is divided by 8467.
82
Calculate the remainder when 5249 is divided by 26.
23
What is the remainder when 6819 is divided by 58?
33
What is the remainder when 8847 is divided by 316?
315
Calculate the remainder when 50048 is divided 